ase 5?
1
Convert -5 (base 9) to base 10.
-5
What is 25 (base 7) in base 4?
103
Convert 11 (base 16) to base 13.
14
Convert -16 (base 11) to base 13.
-14
Convert 1 (base 8) to base 2.
1
Convert -44 (base 14) to base 15.
-40
Convert 8c (base 14) to base 5.
444
What is 30 (base 12) in base 16?
24
What is -1 (base 15) in base 11?
-1
What is 111 (base 2) in base 16?
7
Convert 11110001 (base 2) to base 15.
111
What is -102 (base 5) in base 6?
-43
-7 (base 8) to base 4
-13
-11221 (base 3) to base 4
-2011
What is 4 (base 9) in base 3?
11
21 (base 3) to base 8
7
What is 4 (base 9) in base 6?
4
Convert 1b (base 14) to base 9.
27
3 (base 10) to base 12
3
-3102 (base 4) to base 2
-11010010
-12 (base 7) to base 5
-14
2 (base 14) to base 8
2
Convert -5 (base 7) to base 8.
-5
What is 12 (base 4) in base 10?
6
-10 (base 5) to base 12
-5
What is 27 (base 9) in base 14?
1b
What is -15 (base 11) in base 9?
-17
Convert -400 (base 8) to base 11.
-213
-31 (base 11) to base 5
-114
What is 36 (base 7) in base 2?
11011
Convert -4 (base 14) to base 3.
-11
What is 7 (base 11) in base 10?
7
What is 231 (base 7) in base 3?
11110
Convert 119 (base 11) to base 8.
215
Convert 203 (base 5) to base 15.
38
14 (base 8) to base 16
c
-23 (base 4) to base 11
-10
6 (base 7) to base 9
6
Convert 3 (base 9) to base 14.
3
-27 (base 8) to base 9
-25
-a6 (base 13) to base 10
-136
-3 (base 6) to base 2
-11
What is -1 (base 11) in base 16?
-1
What is 1 (base 14) in base 8?
1
40 (base 9) to base 14
28
Convert c (base 13) to base 5.
22
Convert -33 (base 14) to base 8.
-55
Convert 131 (base 5) to base 6.
105
What is -6 (base 10) in base 2?
-110
-58 (base 16) to base 14
-64
Convert -7 (base 14) to base 2.
-111
What is -23 (base 5) in base 10?
-13
0 (base 7) to base 15
0
-11 (base 4) to base 2
-101
-152 (base 10) to base 15
-a2
What is 3 (base 13) in base 16?
3
What is 142 (base 14) in base 7?
512
What is -11 (base 6) in base 7?
-10
20112 (base 3) to base 10
176
What is -4b (base 12) in base 4?
-323
What is -ca (base 15) in base 6?
-514
What is -2 (base 16) in base 11?
-2
What is -4 (base 13) in base 2?
-100
Convert 4 (base 16) to base 4.
10
What is 15e (base 15) in base 10?
314
-9 (base 16) to base 14
-9
What is 0 (base 13) in base 3?
0
-232 (base 4) to base 3
-1201
Convert -4 (base 14) to base 12.
-4
What is -111 (base 6) in base 15?
-2d
What is -1 (base 14) in base 6?
-1
Convert 35 (base 12) to base 16.
29
-7 (base 12) to base 3
-21
Convert 75 (base 11) to base 6.
214
122 (base 4) to base 5
101
What is -1000 (base 3) in base 10?
-27
7 (base 12) to base 4
13
What is -5 (base 13) in base 9?
-5
210 (base 5) to base 3
2001
Convert -100 (base 8) to base 15.
-44
What is 4 (base 5) in base 16?
4
-17 (base 11) to base 15
-13
0 (base 11) to base 4
0
What is -351 (base 8) in base 11?
-1a2
What is 3 (base 15) in base 10?
3
40 (base 5) to base 14
16
Convert 1 (base 7) to base 10.
1
Convert -2 (base 14) to base 13.
-2
-10 (base 15) to base 6
-23
What is 2 (base 7) in base 11?
2
-10 (base 4) to base 7
-4
What is -12 (base 4) in base 12?
-6
10 (base 14) to base 3
112
-6 (base 8) to base 11
-6
Convert 20 (base 4) to base 3.
22
Convert -11 (base 4) to base 9.
-5
Convert -5b (base 14) to base 11.
-74
What is 32 (base 5) in base 7?
23
What is -21 (base 5) in base 10?
-11
-25 (base 9) to base 16
-17
What is 123 (base 7) in base 5?
231
Convert 8 (base 16) to base 10.
8
83 (base 14) to base 12
97
-36 (base 16) to base 15
-39
What is -11 (base 6) in base 4?
-13
Convert -b8 (base 16) to base 3.
-20211
b (base 16) to base 7
14
16 (base 14) to base 3
202
Convert 29 (base 16) to base 15.
2b
-10213 (base 4) to base 13
-199
What is -145 (base 10) in base 2?
-10010001
Convert -6 (base 11) to base 7.
-6
1 (base 2) to base 12
1
-50 (base 14) to base 11
-64
4 (base 14) to base 15
4
Convert 30 (base 8) to base 2.
11000
-17 (base 9) to base 12
-14
What is 19 (base 11) in base 5?
40
What is 7 (base 11) in base 5?
12
Convert 99 (base 10) to base 13.
78
-4 (base 13) to base 4
-10
What is -12 (base 3) in base 11?
-5
What is -7 (base 13) in base 15?
-7
What is -204 (base 7) in base 14?
-74
Convert 0 (base 14) to base 15.
0
What is -38 (base 12) in base 7?
-62
Convert -1 (base 6) to base 13.
-1
What is -6 (base 9) in base 12?
-6
Convert -b5 (base 15) to base 11.
-145
-10 (base 12) to base 5
-22
What is -13 (base 9) in base 14?
-c
-1 (base 10) to base 5
-1
Convert d (base 16) to base 14.
d
Convert -1 (base 5) to base 2.
-1
1 (base 7) to base 16
1
Convert 11 (base 8) to base 11.
9
Convert -9 (base 11) to base 2.
-1001
What is 15 (base 6) in base 5?
21
-2 (base 12) to base 2
-10
What is 0 (base 5) in base 8?
0
-3 (base 12) to base 15
-3
What is -75 (base 15) in base 9?
-132
d (base 16) to base 8
15
Convert -10 (base 4) to base 12.
-4
What is -8 (base 9) in base 16?
-8
9 (base 16) to base 12
9
What is 2 (base 8) in base 10?
2
-4 (base 7) to base 15
-4
-1 (base 14) to base 11
-1
Convert 2021 (base 3) to base 6.
141
Convert -6 (base 15) to base 16.
-6
Convert 28 (base 10) to base 7.
40
Convert 54 (base 12) to base 4.
1000
What is 1 (base 13) in base 7?
1
Convert -14 (base 7) to base 9.
-12
1a (base 15) to base 4
121
What is 6 (base 14) in base 8?
6
-3 (base 10) to base 3
-10
-4 (base 9) to base 6
-4
201 (base 13) to base 6
1323
Convert 2b (base 13) to base 5.
122
Convert 12 (base 14) to base 5.
31
What is -3 (base 12) in base 15?
-3
What is -202 (base 6) in base 14?
-54
-17 (base 14) to base 3
-210
3 (base 9) to base 10
3
Convert -4 (base 16) to base 11.
-4
1110000 (base 2) to base 10
112
What is -5 (base 11) in base 9?
-5
Convert 124 (base 6) to base 15.
37
What is 1000100 (base 2) in base 11?
62
What is 3 (base 12) in base 8?
3
What is 14 (base 13) in base 10?
17
Convert -5 (base 7) to base 12.
-5
Convert 24 (base 6) to base 12.
14
69 (base 10) to base 15
49
What is 92 (base 14) in base 9?
152
Convert -6 (base 7) to base 9.
-6
What is 6 (base 13) in base 3?
20
Convert -d3 (base 14) to base 16.
-b9
What is -284 (base 9) in base 5?
-1423
What is 1111 (base 2) in base 4?
33
What is 7 (base 14) in base 12?
7
What is 11 (base 4) in base 16?
5
Convert 3 (base 9) to base 13.
3
Convert 36 (base 11) to base 15.
29
What is 260 (base 11) in base 10?
308
-44 (base 12) to base 3
-1221
Convert -1000110 (base 2) to base 12.
-5a
6 (base 14) to base 2
110
0 (base 8) to base 4
0
-1 (base 5) to base 2
-1
Convert 1 (base 13) to base 11.
1
11 (base 3) to base 8
4
2 (base 4) to base 9
2
3 (base 15) to base 9
3
What is -32 (base 4) in base 10?
-14
Convert 2 (base 6) to base 5.
2
Convert 2 (base 3) to base 15.
2
7 (base 15) to base 14
7
What is -1 (base 5) in base 8?
-1
What is 3 (base 8) in base 3?
10
What is 8 (base 14) in base 13?
8
-7 (base 12) to base 4
-13
What is 74 (base 9) in base 16?
43
What is e (base 16) in base 7?
20
Convert 16 (base 8) to base 11.
13
Convert -35 (base 10) to base 3.
-1022
What is a1 (base 13) in base 15?
8b
What is -1000100 (base 2) in base 15?
-48
-103 (base 4) to base 13
-16
Convert -135 (base 8) to base 14.
-69
Convert 1d (base 15) to base 4.
130
Convert 7 (base 16) to base 11.
7
39 (base 16) to base 6
133
Convert -34 (base 14) to base 7.
-64
-9 (base 12) to base 5
-14
-20 (base 9) to base 4
-102
Convert 0 (base 10) to base 2.
0
-90 (base 15) to base 4
-2013
What is 5 (base 8) in base 2?
101
c (base 14) to base 4
30
What is 96 (base 14) in base 7?
246
Convert 43 (base 7) to base 10.
31
What is -135 (base 8) in base 16?
-5d
Convert 4 (base 8) to base 12.
4
Convert -9 (base 12) to base 8.
-11
Convert 1 (base 8) to base 3.
1
What is 50 (base 9) in base 5?
140
Convert -9 (base 10) to base 12.
-9
Convert 302 (base 7) to base 14.
a9
-11 (base 3) to base 5
-4
What is 35 (base 7) in base 12?
22
What is 0 (base 6) in base 16?
0
What is -211 (base 3) in base 11?
-20
30 (base 9) to base 14
1d
-6b (base 14) to base 7
-164
Convert 21 (base 8) to base 16.
11
What is 121 (base 3) in base 7?
22
-2a (base 16) to base 10
-42
Convert -1 (base 10) to base 8.
-1
What is 1101111 (base 2) in base 10?
111
Convert -11 (base 7) to base 15.
-8
What is 191 (base 11) in base 3?
22012
1 (base 8) to base 2
1
Convert -24 (base 9) to base 16.
-16
6c (base 15) to base 11
93
Convert 57 (base 9) to base 15.
37
Convert 1 (base 6) to base 7.
1
Convert -136 (b